{"id":1023,"date":"2023-09-15T12:31:52","date_gmt":"2023-09-15T12:31:52","guid":{"rendered":"https:\/\/katrosi.com\/shop\/?post_type=product&#038;p=1023"},"modified":"2024-03-29T22:12:20","modified_gmt":"2024-03-29T22:12:20","slug":"silverhjarta-med-rosarita","status":"publish","type":"product","link":"https:\/\/katrosi.com\/shop\/product\/silverhjarta-med-rosarita\/","title":{"rendered":"Silverhj\u00e4rta med rosarita"},"content":{"rendered":"<p>Minimalistiskt silverhj\u00e4rta med rosarita &#8211; handgjort silverh\u00e4nge med en vacker djupr\u00f6d rosarita.<\/p>\n<p>Rosarita \u00e4r ett unikt material som liknar obsidian. Obsidian bildas vid vulkanutbrott medan Rosarita \u00e4r en restprodukt, slagg, fr\u00e5n guldframst\u00e4llningen i USA under 1960 och 1970-talet. Rosarita f\u00f6rekommer i vackra r\u00f6da nyanser, ibland med guldstr\u00e5k och anv\u00e4nds i smycken som ett milj\u00f6v\u00e4nligt alternativ till korall. Rosarita tillverkas inte l\u00e4ngre eftersom metoder f\u00f6r guldframst\u00e4llning har f\u00f6rfinats, detta g\u00f6r att Rosarita \u00e4r eftertraktat material till smyckestillverkning.<\/p>\n<p>Silverkedja ing\u00e5r inte men kan v\u00e4ljas till vid utcheckningen (45 eller 50 cm) \u2013 en guide med vanliga halsbandsl\u00e4ngder hittar du\u00a0<a href=\"https:\/\/katrosi.com\/vanliga-halsbandslangder\/\">h\u00e4r<\/a>.<\/p>\n<p>H\u00e4ngets h\u00f6jd: 2,4 cm<\/p>\n<p>H\u00e4ngets bredd: ca 1,5 cm<\/p>\n<p>Rosaritass storlek: 14&#215;14 mm<\/p>\n<p>Material: \u00c5tervunnet sterling silver, finsilver och rosarita slipad som ett hj\u00e4rta. Kedjor som kan v\u00e4ljas till \u00e4r tillverkade i sterling silver.<\/p>\n<p>Levereras i en smyckesask med Katrosi Jewelry logo.<\/p>\n<p>Fri frakt inom Sverige. Smycken levereras med Postnord som sp\u00e5rbara f\u00f6rs\u00e4ndelser.<\/p>\n<p>Pris inklusive moms.<\/p>\n<p>F\u00f6r fler bilder och nyheter bes\u00f6k <a href=\"https:\/\/www.instagram.com\/katrosi_jewelry\/\">@katrosi_jewelry<\/a> p\u00e5 Instagram<\/p>\n","protected":false},"excerpt":{"rendered":"<p>Minimalistiskt silverhj\u00e4rta med rosarita &#8211; handgjort silverh\u00e4nge.<\/p>\n","protected":false},"featured_media":1027,"comment_status":"open","ping_status":"closed","template":"","meta":[],"product_brand":[],"product_cat":[27,97,117,19,118,32],"product_tag":[102,22,67,107,140,26,84],"class_list":{"0":"post-1023","1":"product","2":"type-product","3":"status-publish","4":"has-post-thumbnail","6":"product_cat-halsband","7":"product_cat-nyheter-silversmycken","8":"product_cat-silversmycken","9":"product_cat-smycken-med-adelstenar","10":"product_cat-smycken-med-opaler","11":"product_cat-smycken-med-symboler","12":"product_tag-handgjorda-silversmycken","13":"product_tag-handgjorda-smycken","14":"product_tag-hjarta","15":"product_tag-rod-sten","16":"product_tag-rosarita","17":"product_tag-silver","18":"product_tag-silverhalsband","20":"first","21":"outofstock","22":"sold-individually","23":"taxable","24":"shipping-taxable","25":"purchasable","26":"product-type-variable"},"aioseo_notices":[],"jetpack_sharing_enabled":true,"_links":{"self":[{"href":"https:\/\/katrosi.com\/shop\/wp-json\/wp\/v2\/product\/1023","targetHints":{"allow":["GET"]}}],"collection":[{"href":"https:\/\/katrosi.com\/shop\/wp-json\/wp\/v2\/product"}],"about":[{"href":"https:\/\/katrosi.com\/shop\/wp-json\/wp\/v2\/types\/product"}],"replies":[{"embeddable":true,"href":"https:\/\/katrosi.com\/shop\/wp-json\/wp\/v2\/comments?post=1023"}],"wp:featuredmedia":[{"embeddable":true,"href":"https:\/\/katrosi.com\/shop\/wp-json\/wp\/v2\/media\/1027"}],"wp:attachment":[{"href":"https:\/\/katrosi.com\/shop\/wp-json\/wp\/v2\/media?parent=1023"}],"wp:term":[{"taxonomy":"product_brand","embeddable":true,"href":"https:\/\/katrosi.com\/shop\/wp-json\/wp\/v2\/product_brand?post=1023"},{"taxonomy":"product_cat","embeddable":true,"href":"https:\/\/katrosi.com\/shop\/wp-json\/wp\/v2\/product_cat?post=1023"},{"taxonomy":"product_tag","embeddable":true,"href":"https:\/\/katrosi.com\/shop\/wp-json\/wp\/v2\/product_tag?post=1023"}],"curies":[{"name":"wp","href":"https:\/\/api.w.org\/{rel}","templated":true}]}}