{"id":1097,"date":"2023-12-01T18:30:10","date_gmt":"2023-12-01T18:30:10","guid":{"rendered":"https:\/\/katrosi.com\/shop\/?post_type=product&#038;p=1097"},"modified":"2025-04-01T08:34:35","modified_gmt":"2025-04-01T08:34:35","slug":"labradorithange-med-silverblomma","status":"publish","type":"product","link":"https:\/\/katrosi.com\/shop\/product\/labradorithange-med-silverblomma\/","title":{"rendered":"Labradorith\u00e4nge med silverblomma"},"content":{"rendered":"<p>Labradorith\u00e4nge med silverblomma och tv\u00e5 l\u00f6v &#8211; \u00a0handgjort h\u00e4nge i oxiderat silver. Labradoriten har ett vackert bl\u00e5gr\u00f6nt skimmer.<\/p>\n<p>Labradorit associeras ofta med magiska och beskyddande egenskaper, den s\u00e4gs st\u00e4rka b\u00e4rarnes sj\u00e4lvf\u00f6rtroende och intuition.<\/p>\n<p>Silverkedja ing\u00e5r inte men kan v\u00e4ljas till vid utcheckningen (45 eller 50 cm) \u2013 se en <a href=\"https:\/\/katrosi.com\/vanliga-halsbandslangder\/\">guide med vanliga halsbandsl\u00e4ngder<\/a>.<\/p>\n<p>H\u00e4ngets h\u00f6jd inklusive \u00f6gla: 3 cm<\/p>\n<p>H\u00e4ngets bredd: ca 1,9 cm<\/p>\n<p>Labradoritens storlek: 15&#215;11 mm<\/p>\n<p>Material: \u00c5tervunnet sterling silver, finsilver och \u00e4kta labradorit. Kedjor som kan v\u00e4ljas till \u00e4r tillverkade i sterling silver.<\/p>\n<p>Levereras i en smyckesask med Katrosi Jewelry logo.<\/p>\n<p>Fri frakt inom Sverige. Smycken levereras med Postnord som sp\u00e5rbara f\u00f6rs\u00e4ndelser.<\/p>\n<p>Pris inklusive moms.<\/p>\n<p>F\u00f6r fler bilder och nyheter bes\u00f6k <a href=\"https:\/\/www.instagram.com\/katrosi_jewelry\/\">@katrosi_jewelry<\/a> p\u00e5 Instagram<\/p>\n","protected":false},"excerpt":{"rendered":"<p>Labradorith\u00e4nge med silverblomma, sterling silver.<\/p>\n","protected":false},"featured_media":1101,"comment_status":"open","ping_status":"closed","template":"","meta":[],"product_brand":[],"product_cat":[27,97,117,19],"product_tag":[37,102,22,143,26,84],"class_list":{"0":"post-1097","1":"product","2":"type-product","3":"status-publish","4":"has-post-thumbnail","6":"product_cat-halsband","7":"product_cat-nyheter-silversmycken","8":"product_cat-silversmycken","9":"product_cat-smycken-med-adelstenar","10":"product_tag-amulett","11":"product_tag-handgjorda-silversmycken","12":"product_tag-handgjorda-smycken","13":"product_tag-labradorit-smycken","14":"product_tag-silver","15":"product_tag-silverhalsband","17":"first","18":"outofstock","19":"sold-individually","20":"taxable","21":"shipping-taxable","22":"purchasable","23":"product-type-variable"},"aioseo_notices":[],"jetpack_sharing_enabled":true,"_links":{"self":[{"href":"https:\/\/katrosi.com\/shop\/wp-json\/wp\/v2\/product\/1097","targetHints":{"allow":["GET"]}}],"collection":[{"href":"https:\/\/katrosi.com\/shop\/wp-json\/wp\/v2\/product"}],"about":[{"href":"https:\/\/katrosi.com\/shop\/wp-json\/wp\/v2\/types\/product"}],"replies":[{"embeddable":true,"href":"https:\/\/katrosi.com\/shop\/wp-json\/wp\/v2\/comments?post=1097"}],"wp:featuredmedia":[{"embeddable":true,"href":"https:\/\/katrosi.com\/shop\/wp-json\/wp\/v2\/media\/1101"}],"wp:attachment":[{"href":"https:\/\/katrosi.com\/shop\/wp-json\/wp\/v2\/media?parent=1097"}],"wp:term":[{"taxonomy":"product_brand","embeddable":true,"href":"https:\/\/katrosi.com\/shop\/wp-json\/wp\/v2\/product_brand?post=1097"},{"taxonomy":"product_cat","embeddable":true,"href":"https:\/\/katrosi.com\/shop\/wp-json\/wp\/v2\/product_cat?post=1097"},{"taxonomy":"product_tag","embeddable":true,"href":"https:\/\/katrosi.com\/shop\/wp-json\/wp\/v2\/product_tag?post=1097"}],"curies":[{"name":"wp","href":"https:\/\/api.w.org\/{rel}","templated":true}]}}