{"id":125,"date":"2021-01-03T10:58:40","date_gmt":"2021-01-03T10:58:40","guid":{"rendered":"https:\/\/katrosi.com\/shop\/?post_type=product&#038;p=125"},"modified":"2023-09-28T13:00:00","modified_gmt":"2023-09-28T13:00:00","slug":"runda-orhangen-i-silver","status":"publish","type":"product","link":"https:\/\/katrosi.com\/shop\/product\/runda-orhangen-i-silver\/","title":{"rendered":"Runda \u00f6rh\u00e4ngen i silver"},"content":{"rendered":"<p>Handgjorda runda \u00f6rh\u00e4ngen av kultr\u00e5d, i form\u00a0 av \u00f6ppna ringar. Blankpolerad yta. \u00d6rh\u00e4ngen ing\u00e5r i serien Poppy d\u00e4r det ocks\u00e5 finns en matchande tunn ring.<\/p>\n<p>\u00d6rh\u00e4ngens diameter: 1,5\u00a0 cm.<\/p>\n<p>Tjocklek: 1,5 mm.<\/p>\n<p>Tillverkade i \u00e5tervunnet sterling silver.<\/p>\n<p>\u00d6rh\u00e4ngen levereras i en smyckesask.<\/p>\n<p>Produktionstid: 7 dagar.<\/p>\n<p>Fri frakt inom Sverige. Levereras med Postnord.<\/p>\n<p>F\u00f6lj g\u00e4rna <a href=\"https:\/\/www.instagram.com\/katrosi_jewelry\/\">@katrosi_jewelry<\/a> p\u00e5 Instagram f\u00f6r fler bilder!<\/p>\n<p>&nbsp;<\/p>\n","protected":false},"excerpt":{"rendered":"<p>Handgjorda runda \u00f6rh\u00e4ngen tillverkade av kultr\u00e5d i \u00e5tervunnet sterling silver. Minimalistiska smycken.<\/p>\n","protected":false},"featured_media":241,"comment_status":"open","ping_status":"closed","template":"","meta":[],"product_brand":[],"product_cat":[18,20,117],"product_tag":[],"class_list":{"0":"post-125","1":"product","2":"type-product","3":"status-publish","4":"has-post-thumbnail","6":"product_cat-minimalistiska-smycken","7":"product_cat-orhangen-silver","8":"product_cat-silversmycken","10":"first","11":"instock","12":"taxable","13":"shipping-taxable","14":"purchasable","15":"product-type-simple"},"aioseo_notices":[],"jetpack_sharing_enabled":true,"_links":{"self":[{"href":"https:\/\/katrosi.com\/shop\/wp-json\/wp\/v2\/product\/125","targetHints":{"allow":["GET"]}}],"collection":[{"href":"https:\/\/katrosi.com\/shop\/wp-json\/wp\/v2\/product"}],"about":[{"href":"https:\/\/katrosi.com\/shop\/wp-json\/wp\/v2\/types\/product"}],"replies":[{"embeddable":true,"href":"https:\/\/katrosi.com\/shop\/wp-json\/wp\/v2\/comments?post=125"}],"wp:featuredmedia":[{"embeddable":true,"href":"https:\/\/katrosi.com\/shop\/wp-json\/wp\/v2\/media\/241"}],"wp:attachment":[{"href":"https:\/\/katrosi.com\/shop\/wp-json\/wp\/v2\/media?parent=125"}],"wp:term":[{"taxonomy":"product_brand","embeddable":true,"href":"https:\/\/katrosi.com\/shop\/wp-json\/wp\/v2\/product_brand?post=125"},{"taxonomy":"product_cat","embeddable":true,"href":"https:\/\/katrosi.com\/shop\/wp-json\/wp\/v2\/product_cat?post=125"},{"taxonomy":"product_tag","embeddable":true,"href":"https:\/\/katrosi.com\/shop\/wp-json\/wp\/v2\/product_tag?post=125"}],"curies":[{"name":"wp","href":"https:\/\/api.w.org\/{rel}","templated":true}]}}