{"id":142,"date":"2021-01-03T11:02:19","date_gmt":"2021-01-03T11:02:19","guid":{"rendered":"https:\/\/katrosi.com\/shop\/?post_type=product&#038;p=142"},"modified":"2023-09-28T12:53:25","modified_gmt":"2023-09-28T12:53:25","slug":"handgjord-silverring-med-ett-hjarta","status":"publish","type":"product","link":"https:\/\/katrosi.com\/shop\/product\/handgjord-silverring-med-ett-hjarta\/","title":{"rendered":"Handgjord silverring med ett hj\u00e4rta"},"content":{"rendered":"<p>Delikat silverring med ett hj\u00e4rta.\u00a0 Minimalistisk stil.<\/p>\n<p>Ringen g\u00f6rs f\u00f6r hand av \u00e5tervunnet sterling silver.<\/p>\n<p>Ringens bredd: 1,5 mm.<\/p>\n<p>Tillg\u00e4nglig i flera storlekar (Innerdiameter i mm) &#8211; <a href=\"https:\/\/katrosi.com\/ringstorlekar-guide\/\">storleksguide<\/a>.<\/p>\n<p>Produktionstid: 7 dagar.<\/p>\n<p>Ringen levereras i en smyckesask.<\/p>\n<p>Fri frakt inom Sverige, levereras med Postnord.<\/p>\n<p>F\u00f6lj g\u00e4rna <a href=\"https:\/\/www.instagram.com\/katrosi_jewelry\/\">@katrosi_jewelry<\/a> p\u00e5 Instagram f\u00f6r fler bilder och nyheter!<\/p>\n","protected":false},"excerpt":{"rendered":"<p>Delikat silverring med ett hj\u00e4rta, i minimalistisk stil.<\/p>\n","protected":false},"featured_media":153,"comment_status":"open","ping_status":"closed","template":"","meta":[],"product_brand":[],"product_cat":[18,17,117],"product_tag":[67,33,29,26,28,36],"class_list":{"0":"post-142","1":"product","2":"type-product","3":"status-publish","4":"has-post-thumbnail","6":"product_cat-minimalistiska-smycken","7":"product_cat-ringar-silver","8":"product_cat-silversmycken","9":"product_tag-hjarta","10":"product_tag-ring","11":"product_tag-ringar","12":"product_tag-silver","13":"product_tag-silverring","14":"product_tag-silverringar","16":"first","17":"instock","18":"featured","19":"taxable","20":"shipping-taxable","21":"purchasable","22":"product-type-variable"},"aioseo_notices":[],"jetpack_sharing_enabled":true,"_links":{"self":[{"href":"https:\/\/katrosi.com\/shop\/wp-json\/wp\/v2\/product\/142","targetHints":{"allow":["GET"]}}],"collection":[{"href":"https:\/\/katrosi.com\/shop\/wp-json\/wp\/v2\/product"}],"about":[{"href":"https:\/\/katrosi.com\/shop\/wp-json\/wp\/v2\/types\/product"}],"replies":[{"embeddable":true,"href":"https:\/\/katrosi.com\/shop\/wp-json\/wp\/v2\/comments?post=142"}],"wp:featuredmedia":[{"embeddable":true,"href":"https:\/\/katrosi.com\/shop\/wp-json\/wp\/v2\/media\/153"}],"wp:attachment":[{"href":"https:\/\/katrosi.com\/shop\/wp-json\/wp\/v2\/media?parent=142"}],"wp:term":[{"taxonomy":"product_brand","embeddable":true,"href":"https:\/\/katrosi.com\/shop\/wp-json\/wp\/v2\/product_brand?post=142"},{"taxonomy":"product_cat","embeddable":true,"href":"https:\/\/katrosi.com\/shop\/wp-json\/wp\/v2\/product_cat?post=142"},{"taxonomy":"product_tag","embeddable":true,"href":"https:\/\/katrosi.com\/shop\/wp-json\/wp\/v2\/product_tag?post=142"}],"curies":[{"name":"wp","href":"https:\/\/api.w.org\/{rel}","templated":true}]}}