{"id":513,"date":"2022-04-07T13:24:15","date_gmt":"2022-04-07T13:24:15","guid":{"rendered":"https:\/\/katrosi.com\/shop\/?post_type=product&#038;p=513"},"modified":"2023-09-28T09:38:41","modified_gmt":"2023-09-28T09:38:41","slug":"silverring-med-en-droppformad-smaragd","status":"publish","type":"product","link":"https:\/\/katrosi.com\/shop\/product\/silverring-med-en-droppformad-smaragd\/","title":{"rendered":"Silverring med en droppformad smaragd"},"content":{"rendered":"<p>Handgjord silverring med en droppformad smaragd.\u00a0 Ringen \u00e4r gjord i oxiderat silver.<\/p>\n<p>Ringskenans bredd: 2,5 mm.<\/p>\n<p>Ringen finns tillg\u00e4nglig i flera storlekar &#8211; v\u00e4lj din storlek vid utcheckningen.<\/p>\n<p>Om du beh\u00f6ver hj\u00e4lp med att v\u00e4lja r\u00e4tt ringstorlek h\u00f6r g\u00e4rna av dig till info@katrosi.com.\u00a0 Du hittar \u00e4ven en ringstorleksguide <a href=\"https:\/\/katrosi.com\/ringstorlekar-omvandlingstabell\/\">h\u00e4r<\/a>.<\/p>\n<p>Material \u2013 sterling silver, finsilver och en smaragd,\u00a0 stenens storlek \u00e4r 10x14mm.<\/p>\n<p>Tillverkad f\u00f6r hand s\u00e5 varje ring \u00e4r unik. Produktionstid ca 7 dagar.<\/p>\n<p>Ringen levereras i en smyckesask.<\/p>\n<p>Fri frakt inom Sverige, levereras med Postnord.<\/p>\n<p>Pris inklusive moms.<\/p>\n<p>F\u00f6lj g\u00e4rna <a href=\"https:\/\/www.instagram.com\/katrosi_jewelry\/\">@katrosi_jewelry<\/a> p\u00e5 Instagram!<\/p>\n","protected":false},"excerpt":{"rendered":"<p>Handjord smaragdring i oxiderat silver, finns i flera storlekar.<\/p>\n","protected":false},"featured_media":514,"comment_status":"open","ping_status":"closed","template":"","meta":[],"product_brand":[],"product_cat":[17,117,19],"product_tag":[56,41,22,24,33,29,26,28,36,78],"class_list":{"0":"post-513","1":"product","2":"type-product","3":"status-publish","4":"has-post-thumbnail","6":"product_cat-ringar-silver","7":"product_cat-silversmycken","8":"product_cat-smycken-med-adelstenar","9":"product_tag-adelstenar","10":"product_tag-gron-sten","11":"product_tag-handgjorda-smycken","12":"product_tag-kristaller","13":"product_tag-ring","14":"product_tag-ringar","15":"product_tag-silver","16":"product_tag-silverring","17":"product_tag-silverringar","18":"product_tag-smaragd","20":"first","21":"instock","22":"taxable","23":"shipping-taxable","24":"purchasable","25":"product-type-variable"},"aioseo_notices":[],"jetpack_sharing_enabled":true,"_links":{"self":[{"href":"https:\/\/katrosi.com\/shop\/wp-json\/wp\/v2\/product\/513","targetHints":{"allow":["GET"]}}],"collection":[{"href":"https:\/\/katrosi.com\/shop\/wp-json\/wp\/v2\/product"}],"about":[{"href":"https:\/\/katrosi.com\/shop\/wp-json\/wp\/v2\/types\/product"}],"replies":[{"embeddable":true,"href":"https:\/\/katrosi.com\/shop\/wp-json\/wp\/v2\/comments?post=513"}],"wp:featuredmedia":[{"embeddable":true,"href":"https:\/\/katrosi.com\/shop\/wp-json\/wp\/v2\/media\/514"}],"wp:attachment":[{"href":"https:\/\/katrosi.com\/shop\/wp-json\/wp\/v2\/media?parent=513"}],"wp:term":[{"taxonomy":"product_brand","embeddable":true,"href":"https:\/\/katrosi.com\/shop\/wp-json\/wp\/v2\/product_brand?post=513"},{"taxonomy":"product_cat","embeddable":true,"href":"https:\/\/katrosi.com\/shop\/wp-json\/wp\/v2\/product_cat?post=513"},{"taxonomy":"product_tag","embeddable":true,"href":"https:\/\/katrosi.com\/shop\/wp-json\/wp\/v2\/product_tag?post=513"}],"curies":[{"name":"wp","href":"https:\/\/api.w.org\/{rel}","templated":true}]}}