{"id":749,"date":"2023-03-17T11:43:34","date_gmt":"2023-03-17T11:43:34","guid":{"rendered":"https:\/\/katrosi.com\/shop\/?post_type=product&#038;p=749"},"modified":"2023-09-28T07:18:36","modified_gmt":"2023-09-28T07:18:36","slug":"silverorhangen-med-hjartan","status":"publish","type":"product","link":"https:\/\/katrosi.com\/shop\/product\/silverorhangen-med-hjartan\/","title":{"rendered":"Silver\u00f6rh\u00e4ngen med hj\u00e4rtan"},"content":{"rendered":"<p>Handgjorda silver\u00f6rh\u00e4ngen med hj\u00e4rtan &#8211; stift\u00f6rh\u00e4ngen. Hj\u00e4rtan \u00e4r handsmidda av sterling silver. Varje silverhj\u00e4rta \u00e4r gjort f\u00f6r hand s\u00e5 de kan skilja sig lite grann fr\u00e5n bilden.<\/p>\n<p>\u00d6rh\u00e4ngens storlek:\u00a0 ca 9 mm, stiftens l\u00e4ngd 1 cm.<\/p>\n<p>Matchande ring hittar du <a href=\"https:\/\/katrosi.com\/shop\/product\/handgjord-silverring-klara\/\">h\u00e4r<\/a>.<\/p>\n<p>Material: \u00c5tervunnet sterling silver.<\/p>\n<p>\u00d6rh\u00e4ngen levereras i en smyckesask med Katrosi Jewelry logo.<\/p>\n<p>Fri frakt inom Sverige.<\/p>\n<p>Smycken levereras med Postnord.<\/p>\n<p>Pris inklusive moms.<\/p>\n<p>F\u00f6lj g\u00e4rna\u00a0<a href=\"https:\/\/www.instagram.com\/katrosi_jewelry\/\">@katrosi_jewelry<\/a>\u00a0p\u00e5 Instagram f\u00f6r fler bilder och nyheter!<\/p>\n","protected":false},"excerpt":{"rendered":"<p>Handsmidda silver\u00f6rh\u00e4ngen med hj\u00e4rtan<\/p>\n","protected":false},"featured_media":750,"comment_status":"open","ping_status":"closed","template":"","meta":[],"product_brand":[],"product_cat":[18,97,20,32],"product_tag":[77,102,22,67,103,21,104],"class_list":{"0":"post-749","1":"product","2":"type-product","3":"status-publish","4":"has-post-thumbnail","6":"product_cat-minimalistiska-smycken","7":"product_cat-nyheter-silversmycken","8":"product_cat-orhangen-silver","9":"product_cat-smycken-med-symboler","10":"product_tag-handgjorda-orhangen","11":"product_tag-handgjorda-silversmycken","12":"product_tag-handgjorda-smycken","13":"product_tag-hjarta","14":"product_tag-hjartan","15":"product_tag-orhangen","16":"product_tag-silverhjarta","18":"first","19":"instock","20":"taxable","21":"shipping-taxable","22":"purchasable","23":"product-type-simple"},"aioseo_notices":[],"jetpack_sharing_enabled":true,"_links":{"self":[{"href":"https:\/\/katrosi.com\/shop\/wp-json\/wp\/v2\/product\/749","targetHints":{"allow":["GET"]}}],"collection":[{"href":"https:\/\/katrosi.com\/shop\/wp-json\/wp\/v2\/product"}],"about":[{"href":"https:\/\/katrosi.com\/shop\/wp-json\/wp\/v2\/types\/product"}],"replies":[{"embeddable":true,"href":"https:\/\/katrosi.com\/shop\/wp-json\/wp\/v2\/comments?post=749"}],"wp:featuredmedia":[{"embeddable":true,"href":"https:\/\/katrosi.com\/shop\/wp-json\/wp\/v2\/media\/750"}],"wp:attachment":[{"href":"https:\/\/katrosi.com\/shop\/wp-json\/wp\/v2\/media?parent=749"}],"wp:term":[{"taxonomy":"product_brand","embeddable":true,"href":"https:\/\/katrosi.com\/shop\/wp-json\/wp\/v2\/product_brand?post=749"},{"taxonomy":"product_cat","embeddable":true,"href":"https:\/\/katrosi.com\/shop\/wp-json\/wp\/v2\/product_cat?post=749"},{"taxonomy":"product_tag","embeddable":true,"href":"https:\/\/katrosi.com\/shop\/wp-json\/wp\/v2\/product_tag?post=749"}],"curies":[{"name":"wp","href":"https:\/\/api.w.org\/{rel}","templated":true}]}}