{"id":886,"date":"2023-06-29T11:21:41","date_gmt":"2023-06-29T11:21:41","guid":{"rendered":"https:\/\/katrosi.com\/shop\/?post_type=product&#038;p=886"},"modified":"2023-09-28T07:02:59","modified_gmt":"2023-09-28T07:02:59","slug":"litet-lov-i-silver","status":"publish","type":"product","link":"https:\/\/katrosi.com\/shop\/product\/litet-lov-i-silver\/","title":{"rendered":"Litet l\u00f6v i silver &#8211; h\u00e4ngsmycke"},"content":{"rendered":"<p>Litet l\u00f6v i silver &#8211; h\u00e4ngsmycke. Silverl\u00f6vet \u00e4r handsmitt och graverat. Silverytan \u00e4r oxiderad.<\/p>\n<p>Silverkedja ing\u00e5r inte men kan v\u00e4ljas till vid utcheckningen (45 eller 50 cm) \u2013 en guide med vanliga halsbandsl\u00e4ngder hittar du\u00a0<a href=\"https:\/\/katrosi.com\/vanliga-halsbandslangder\/\">h\u00e4r<\/a>.<\/p>\n<p>Varje smycke tillverkas f\u00f6r hand och sm\u00e5 skillnader mot bilden kan f\u00f6rekomma.<\/p>\n<p>H\u00e4ngets h\u00f6jd: ca 2,4 cm<\/p>\n<p>H\u00e4ngets bredd: 1 cm<\/p>\n<p>Material: \u00c5tervunnet sterling silver. Kedjor som kan v\u00e4ljas till \u00e4r tillverkade i sterling silver.<\/p>\n<p>Levereras i en smyckesask med Katrosi Jewelry logo.<\/p>\n<p>Fri frakt inom Sverige. Smycken levereras med Postnord som sp\u00e5rbara f\u00f6rs\u00e4ndelser.<\/p>\n<p>Pris inklusive moms.<\/p>\n<p>F\u00f6r fler bilder och nyheter bes\u00f6k\u00a0<a href=\"https:\/\/www.instagram.com\/katrosi_jewelry\/\">@katrosi_jewelry<\/a>\u00a0p\u00e5 Instagram.<\/p>\n","protected":false},"excerpt":{"rendered":"<p>Handgjort litet l\u00f6v i silver &#8211; h\u00e4nge.<\/p>\n","protected":false},"featured_media":890,"comment_status":"open","ping_status":"closed","template":"","meta":[],"product_brand":[],"product_cat":[27,97,117],"product_tag":[114,115,102,22,113,26,84],"class_list":{"0":"post-886","1":"product","2":"type-product","3":"status-publish","4":"has-post-thumbnail","6":"product_cat-halsband","7":"product_cat-nyheter-silversmycken","8":"product_cat-silversmycken","9":"product_tag-blad","10":"product_tag-flora","11":"product_tag-handgjorda-silversmycken","12":"product_tag-handgjorda-smycken","13":"product_tag-lov","14":"product_tag-silver","15":"product_tag-silverhalsband","17":"first","18":"instock","19":"sold-individually","20":"taxable","21":"shipping-taxable","22":"purchasable","23":"product-type-variable"},"aioseo_notices":[],"jetpack_sharing_enabled":true,"_links":{"self":[{"href":"https:\/\/katrosi.com\/shop\/wp-json\/wp\/v2\/product\/886","targetHints":{"allow":["GET"]}}],"collection":[{"href":"https:\/\/katrosi.com\/shop\/wp-json\/wp\/v2\/product"}],"about":[{"href":"https:\/\/katrosi.com\/shop\/wp-json\/wp\/v2\/types\/product"}],"replies":[{"embeddable":true,"href":"https:\/\/katrosi.com\/shop\/wp-json\/wp\/v2\/comments?post=886"}],"wp:featuredmedia":[{"embeddable":true,"href":"https:\/\/katrosi.com\/shop\/wp-json\/wp\/v2\/media\/890"}],"wp:attachment":[{"href":"https:\/\/katrosi.com\/shop\/wp-json\/wp\/v2\/media?parent=886"}],"wp:term":[{"taxonomy":"product_brand","embeddable":true,"href":"https:\/\/katrosi.com\/shop\/wp-json\/wp\/v2\/product_brand?post=886"},{"taxonomy":"product_cat","embeddable":true,"href":"https:\/\/katrosi.com\/shop\/wp-json\/wp\/v2\/product_cat?post=886"},{"taxonomy":"product_tag","embeddable":true,"href":"https:\/\/katrosi.com\/shop\/wp-json\/wp\/v2\/product_tag?post=886"}],"curies":[{"name":"wp","href":"https:\/\/api.w.org\/{rel}","templated":true}]}}