{"id":929,"date":"2023-08-16T08:53:57","date_gmt":"2023-08-16T08:53:57","guid":{"rendered":"https:\/\/katrosi.com\/shop\/?post_type=product&#038;p=929"},"modified":"2023-09-28T06:51:28","modified_gmt":"2023-09-28T06:51:28","slug":"ring-med-oslipad-opal","status":"publish","type":"product","link":"https:\/\/katrosi.com\/shop\/product\/ring-med-oslipad-opal\/","title":{"rendered":"Ring med oslipad opal"},"content":{"rendered":"<p>Handgjord ring med oslipad opal med ett vackert f\u00e4rgspel. Ringen \u00e4r tillverkad av sterling silver, ringbandet \u00e4r m\u00f6nstrat och oxiderat. Klofattningen \u00e4r asymmetrisk och f\u00f6ljer opalens form. Varje ring med en oslipad sten \u00e4r unik eftersom varje sten \u00e4r unik.<\/p>\n<p>Opal \u00e4r en av\u00a0 m\u00e5nadsstenar f\u00f6r personer f\u00f6dda i oktober. \u00a0Kreativitet, spontanitet, k\u00e4rlek och passion \u00e4r de ord som ofta f\u00f6rknippas med opaler, du kan l\u00e4sa mer om m\u00e5nadsstenar <a href=\"https:\/\/katrosi.com\/manadsstenar\/\">h\u00e4r<\/a>.<\/p>\n<p>\u00c4delsten: \u00c4kta Etiopisk Welo opal &#8211; trumlad. Opalens storlek &#8211; 1.7 carat, 12x6mm.<\/p>\n<p>Material: \u00c5tervunnet sterling silver.<\/p>\n<p>Ringbandets tjocklek: 1,5 mm.<\/p>\n<p>Storlek: 17,5 mm innerdiameter, En guide med ringstorlekar finns <a href=\"https:\/\/katrosi.com\/ringstorlekar-omvandlingstabell\/\">h\u00e4r<\/a>.<\/p>\n<p>Ringen levereras i en smyckesask med Katrosi Jewelry logo.<\/p>\n<p>Fri frakt inom Sverige. Smycken levereras som sp\u00e5rbara f\u00f6rs\u00e4ndelser med Postnord.<\/p>\n<p>Pris inklusive moms.<\/p>\n<p>F\u00f6r fler bilder och nyheter f\u00f6lj\u00a0<a href=\"https:\/\/www.instagram.com\/katrosi_jewelry\/\">@katrosi_jewelry<\/a> p\u00e5 Instagram.<\/p>\n<h4>Sk\u00f6tselr\u00e5d:<\/h4>\n<p>De etiopiska opaler absorberar l\u00e4tt vatten, vilket g\u00f6r att de kan tillf\u00e4lligt f\u00f6rlora sitt f\u00e4rgspel och glans om man bl\u00f6tl\u00e4gger de under en l\u00e4ngre stund.\u00a0 Var noga med att ta av dig din opalring\u00a0 innan bad, hush\u00e5lls- eller tr\u00e4dg\u00e5rdsarbete.<\/p>\n","protected":false},"excerpt":{"rendered":"<p>Ring med oslipad opal &#8211; Etiopisk opal och sterling silver.<\/p>\n","protected":false},"featured_media":930,"comment_status":"open","ping_status":"closed","template":"","meta":[],"product_brand":[],"product_cat":[17,117,19,118,73],"product_tag":[56,102,22,38,81,33,29,26],"class_list":{"0":"post-929","1":"product","2":"type-product","3":"status-publish","4":"has-post-thumbnail","6":"product_cat-ringar-silver","7":"product_cat-silversmycken","8":"product_cat-smycken-med-adelstenar","9":"product_cat-smycken-med-opaler","10":"product_cat-oslipat","11":"product_tag-adelstenar","12":"product_tag-handgjorda-silversmycken","13":"product_tag-handgjorda-smycken","14":"product_tag-one-of-a-kind","15":"product_tag-opal","16":"product_tag-ring","17":"product_tag-ringar","18":"product_tag-silver","20":"first","21":"instock","22":"sold-individually","23":"taxable","24":"shipping-taxable","25":"purchasable","26":"product-type-variable"},"aioseo_notices":[],"jetpack_sharing_enabled":true,"_links":{"self":[{"href":"https:\/\/katrosi.com\/shop\/wp-json\/wp\/v2\/product\/929","targetHints":{"allow":["GET"]}}],"collection":[{"href":"https:\/\/katrosi.com\/shop\/wp-json\/wp\/v2\/product"}],"about":[{"href":"https:\/\/katrosi.com\/shop\/wp-json\/wp\/v2\/types\/product"}],"replies":[{"embeddable":true,"href":"https:\/\/katrosi.com\/shop\/wp-json\/wp\/v2\/comments?post=929"}],"wp:featuredmedia":[{"embeddable":true,"href":"https:\/\/katrosi.com\/shop\/wp-json\/wp\/v2\/media\/930"}],"wp:attachment":[{"href":"https:\/\/katrosi.com\/shop\/wp-json\/wp\/v2\/media?parent=929"}],"wp:term":[{"taxonomy":"product_brand","embeddable":true,"href":"https:\/\/katrosi.com\/shop\/wp-json\/wp\/v2\/product_brand?post=929"},{"taxonomy":"product_cat","embeddable":true,"href":"https:\/\/katrosi.com\/shop\/wp-json\/wp\/v2\/product_cat?post=929"},{"taxonomy":"product_tag","embeddable":true,"href":"https:\/\/katrosi.com\/shop\/wp-json\/wp\/v2\/product_tag?post=929"}],"curies":[{"name":"wp","href":"https:\/\/api.w.org\/{rel}","templated":true}]}}