{"id":965,"date":"2023-08-23T13:29:50","date_gmt":"2023-08-23T13:29:50","guid":{"rendered":"https:\/\/katrosi.com\/shop\/?post_type=product&#038;p=965"},"modified":"2023-12-10T18:37:36","modified_gmt":"2023-12-10T18:37:36","slug":"hange-med-ametrin","status":"publish","type":"product","link":"https:\/\/katrosi.com\/shop\/product\/hange-med-ametrin\/","title":{"rendered":"H\u00e4nge med Ametrin"},"content":{"rendered":"<p>H\u00e4nge med ametrin &#8211; minimalistisk h\u00e4ngsmycke i silver med en triangelformad ametrin.\u00a0 Ametrin \u00e4r en s\u00e4llsynt variant av kvarts &#8211; en naturligt f\u00f6rekommande blandning av ametist och citrin. Ametrin kallas \u00e4ven bolivianit och den hittas fr\u00e4mst i Bolivia . Stenen har tydliga lila och gula zoner. Silverkedja ing\u00e5r inte men kan v\u00e4ljas till vid utcheckningen (45 eller 50 cm) &#8211; en guide med vanliga halsbandsl\u00e4ngder hittar du <a href=\"https:\/\/katrosi.com\/vanliga-halsbandslangder\/\">h\u00e4r<\/a>.<\/p>\n<p>Ametrin \u00e4r en blandning av ametist och citrin och kombinerar b\u00e5das egenskaper. Ametist anses ha en lugnande effekt p\u00e5 b\u00e5de sj\u00e4l och kropp, de s\u00e4gs ge skydd mot negativitet och stress. Citrin anses ge gl\u00e4dje och st\u00e4rka b\u00e4rarens sj\u00e4lvf\u00f6rtroende.\u00a0 Ametrin fungerar som m\u00e5nadssten f\u00f6r de som \u00e4r f\u00f6dda i februari och de som \u00e4r f\u00f6dda i november\u2013 l\u00e4s mer om m\u00e5nadsstenar <a href=\"https:\/\/katrosi.com\/manadsstenar\/\">h\u00e4r<\/a>.<\/p>\n<p>Smycket tillverkas f\u00f6r hand och eftersom varje sten \u00e4r\u00a0 unik \u00e4r varje smycke unikt.<\/p>\n<p>H\u00e4ngets h\u00f6jd:\u00a0 2,5 cm<\/p>\n<p>H\u00e4ngets bredd: 1,8 cm<\/p>\n<p>\u00c4delstenens storlek: 6&#215;21 mm.<\/p>\n<p>Material: \u00e5tervunnet sterling silver, finsilver och\u00a0 en\u00a0 \u00e4kta ametrin.<\/p>\n<p>Levereras i en smyckesask med Katrosi Jewelry logo.<\/p>\n<p>Fri frakt inom Sverige.<\/p>\n<p>Smycken levereras med Postnord.<\/p>\n<p>Pris inklusive moms.<\/p>\n<p>F\u00f6r fler bilder bes\u00f6k <a href=\"https:\/\/www.instagram.com\/katrosi_jewelry\/\">@katrosi_jewelry<\/a> p\u00e5 Instagram!<\/p>\n","protected":false},"excerpt":{"rendered":"<p>Handgjort h\u00e4nge med ametrin, tillverkat i sterling silver. Minimalistisk stil.<\/p>\n","protected":false},"featured_media":969,"comment_status":"open","ping_status":"closed","template":"","meta":[],"product_brand":[],"product_cat":[27,18,97,117,19,126],"product_tag":[56,75,130,131,102,22,24,30,26,84,42],"class_list":{"0":"post-965","1":"product","2":"type-product","3":"status-publish","4":"has-post-thumbnail","6":"product_cat-halsband","7":"product_cat-minimalistiska-smycken","8":"product_cat-nyheter-silversmycken","9":"product_cat-silversmycken","10":"product_cat-smycken-med-adelstenar","11":"product_cat-smycken-med-ametister","12":"product_tag-adelstenar","13":"product_tag-ametist","14":"product_tag-ametrin","15":"product_tag-citrin","16":"product_tag-handgjorda-silversmycken","17":"product_tag-handgjorda-smycken","18":"product_tag-kristaller","19":"product_tag-minimalistiska-smycken","20":"product_tag-silver","21":"product_tag-silverhalsband","22":"product_tag-silverhangen","24":"first","25":"outofstock","26":"sold-individually","27":"taxable","28":"shipping-taxable","29":"purchasable","30":"product-type-variable"},"aioseo_notices":[],"jetpack_sharing_enabled":true,"_links":{"self":[{"href":"https:\/\/katrosi.com\/shop\/wp-json\/wp\/v2\/product\/965","targetHints":{"allow":["GET"]}}],"collection":[{"href":"https:\/\/katrosi.com\/shop\/wp-json\/wp\/v2\/product"}],"about":[{"href":"https:\/\/katrosi.com\/shop\/wp-json\/wp\/v2\/types\/product"}],"replies":[{"embeddable":true,"href":"https:\/\/katrosi.com\/shop\/wp-json\/wp\/v2\/comments?post=965"}],"wp:featuredmedia":[{"embeddable":true,"href":"https:\/\/katrosi.com\/shop\/wp-json\/wp\/v2\/media\/969"}],"wp:attachment":[{"href":"https:\/\/katrosi.com\/shop\/wp-json\/wp\/v2\/media?parent=965"}],"wp:term":[{"taxonomy":"product_brand","embeddable":true,"href":"https:\/\/katrosi.com\/shop\/wp-json\/wp\/v2\/product_brand?post=965"},{"taxonomy":"product_cat","embeddable":true,"href":"https:\/\/katrosi.com\/shop\/wp-json\/wp\/v2\/product_cat?post=965"},{"taxonomy":"product_tag","embeddable":true,"href":"https:\/\/katrosi.com\/shop\/wp-json\/wp\/v2\/product_tag?post=965"}],"curies":[{"name":"wp","href":"https:\/\/api.w.org\/{rel}","templated":true}]}}