{"id":997,"date":"2023-09-01T07:05:38","date_gmt":"2023-09-01T07:05:38","guid":{"rendered":"https:\/\/katrosi.com\/shop\/?post_type=product&#038;p=997"},"modified":"2023-09-28T06:36:39","modified_gmt":"2023-09-28T06:36:39","slug":"silverarmband-med-hjarta","status":"publish","type":"product","link":"https:\/\/katrosi.com\/shop\/product\/silverarmband-med-hjarta\/","title":{"rendered":"Silverarmband med hj\u00e4rta"},"content":{"rendered":"<p>Silverarmband med hj\u00e4rta &#8211; minimalistiskt armband med tunn kedja i \u00e4kta silver. Varje silverhj\u00e4rta smids f\u00f6r hand och kan skiljas n\u00e5got fr\u00e5n bilden.<\/p>\n<p>Armbandets storlek \u00e4r justerbar och kan st\u00e4llas in till 16 cm,\u00a0 17,5 cm eller 19,5 cm.<\/p>\n<p>Om du inte vet vilken armbandsstorlek passar dig kan du m\u00e4ta omkretsen p\u00e5 din handled med ett m\u00e5dband, l\u00e4gg sedan p\u00e5 1-2 cm. T.ex. om din handled \u00e4r 16 cm i omkrets passar armband som \u00e4r 17-18 cm b\u00e4st.<\/p>\n<p>Silverhj\u00e4rtats bredd: ca 1,3 cm<\/p>\n<p>Material: \u00e5tervunnet sterling silver.<\/p>\n<p>Armbandet levereras i en smyckesask.<\/p>\n<p>Produktionstid ca 7 dagar.<\/p>\n<p>Fri frakt inom Sverige. Smycken levereras med Postnord.<\/p>\n<p>Pris inklusive moms.<\/p>\n<p>F\u00f6lj g\u00e4rna <a href=\"https:\/\/www.instagram.com\/katrosi_jewelry\/\">@katrosi_jewelry<\/a> p\u00e5 Instagram f\u00f6r fler bilder och nyheter!<\/p>\n","protected":false},"excerpt":{"rendered":"<p>Minimalistiskt silverarmband med hj\u00e4rta.<\/p>\n","protected":false},"featured_media":1006,"comment_status":"open","ping_status":"closed","template":"","meta":[],"product_brand":[],"product_cat":[58,18,97,117,32],"product_tag":[133,22,67,30,26,59,134],"class_list":{"0":"post-997","1":"product","2":"type-product","3":"status-publish","4":"has-post-thumbnail","6":"product_cat-armband","7":"product_cat-minimalistiska-smycken","8":"product_cat-nyheter-silversmycken","9":"product_cat-silversmycken","10":"product_cat-smycken-med-symboler","11":"product_tag-damarmband","12":"product_tag-handgjorda-smycken","13":"product_tag-hjarta","14":"product_tag-minimalistiska-smycken","15":"product_tag-silver","16":"product_tag-silverarmband","17":"product_tag-silverarmband-dam","19":"first","20":"instock","21":"taxable","22":"shipping-taxable","23":"purchasable","24":"product-type-simple"},"aioseo_notices":[],"jetpack_sharing_enabled":true,"_links":{"self":[{"href":"https:\/\/katrosi.com\/shop\/wp-json\/wp\/v2\/product\/997","targetHints":{"allow":["GET"]}}],"collection":[{"href":"https:\/\/katrosi.com\/shop\/wp-json\/wp\/v2\/product"}],"about":[{"href":"https:\/\/katrosi.com\/shop\/wp-json\/wp\/v2\/types\/product"}],"replies":[{"embeddable":true,"href":"https:\/\/katrosi.com\/shop\/wp-json\/wp\/v2\/comments?post=997"}],"wp:featuredmedia":[{"embeddable":true,"href":"https:\/\/katrosi.com\/shop\/wp-json\/wp\/v2\/media\/1006"}],"wp:attachment":[{"href":"https:\/\/katrosi.com\/shop\/wp-json\/wp\/v2\/media?parent=997"}],"wp:term":[{"taxonomy":"product_brand","embeddable":true,"href":"https:\/\/katrosi.com\/shop\/wp-json\/wp\/v2\/product_brand?post=997"},{"taxonomy":"product_cat","embeddable":true,"href":"https:\/\/katrosi.com\/shop\/wp-json\/wp\/v2\/product_cat?post=997"},{"taxonomy":"product_tag","embeddable":true,"href":"https:\/\/katrosi.com\/shop\/wp-json\/wp\/v2\/product_tag?post=997"}],"curies":[{"name":"wp","href":"https:\/\/api.w.org\/{rel}","templated":true}]}}